 common factor of 851467 and 430351?
1847
Calculate the highest common factor of 963646 and 265.
53
Calculate the greatest common factor of 12467 and 133106323.
959
What is the greatest common factor of 1100 and 9929414?
22
What is the greatest common divisor of 53891968 and 9035?
1807
Calculate the highest common factor of 16 and 52598776.
8
What is the highest common factor of 287 and 4099549?
41
What is the greatest common factor of 69000 and 386670?
30
Calculate the greatest common divisor of 8763 and 4195407.
69
What is the greatest common divisor of 1035 and 1143330?
345
Calculate the highest common divisor of 195095453 and 23.
23
What is the greatest common factor of 207861 and 19027?
359
Calculate the highest common factor of 9 and 44749557.
9
Calculate the highest common divisor of 1595 and 81976330.
145
Calculate the greatest common factor of 64052 and 139896.
268
What is the highest common divisor of 7276 and 300135?
1819
What is the highest common divisor of 288 and 15882976?
32
Calculate the greatest common factor of 466089 and 69901.
247
What is the highest common factor of 478933 and 724451?
1729
Calculate the greatest common divisor of 4664 and 63800.
88
Calculate the highest common factor of 1358668 and 8.
4
Calculate the highest common factor of 48790 and 487730.
170
Calculate the greatest common divisor of 9145812 and 23.
23
What is the highest common divisor of 3111 and 621815273?
1037
Calculate the highest common divisor of 246642500 and 25.
25
What is the highest common factor of 1779 and 470746527?
1779
What is the greatest common factor of 10234 and 11781476?
238
What is the greatest common divisor of 29964 and 24240?
12
What is the highest common factor of 678 and 60792418?
226
Calculate the highest common divisor of 233691016 and 208.
104
Calculate the highest common divisor of 19908 and 1557801.
4977
What is the highest common divisor of 15 and 9741405?
15
What is the highest common factor of 82472 and 299806?
338
What is the greatest common factor of 143 and 15117531?
143
Calculate the greatest common divisor of 758959 and 2349.
29
Calculate the highest common factor of 4583150 and 114098.
1282
What is the highest common factor of 564 and 5089254?
282
Calculate the greatest common factor of 13769 and 25033166.
281
What is the greatest common factor of 23376 and 785531?
487
Calculate the greatest common factor of 8 and 31574592.
8
Calculate the greatest common divisor of 66526 and 4602097.
1073
Calculate the highest common divisor of 907786385 and 2915.
2915
Calculate the highest common factor of 3871 and 815381.
7
What is the highest common factor of 58857357 and 78?
39
What is the highest common factor of 1484770 and 700?
70
Calculate the highest common factor of 74730 and 10616642.
4982
Calculate the greatest common factor of 320 and 31377760.
160
Calculate the highest common factor of 140894 and 46618.
26
Calculate the highest common factor of 74000 and 5230.
10
What is the highest common divisor of 677549190 and 15?
15
What is the greatest common factor of 4137320 and 7040?
440
What is the highest common factor of 14586 and 1324011?
663
What is the highest common divisor of 246513292 and 26118?
2902
What is the greatest common divisor of 167 and 126016029?
167
Calculate the highest common divisor of 7346406 and 42.
6
Calculate the greatest common factor of 44 and 964042068.
44
What is the highest common divisor of 5679384 and 48?
24
What is the highest common divisor of 3449514 and 47724?
582
Calculate the highest common divisor of 4852 and 33330814.
2426
Calculate the highest common divisor of 14719220 and 24.
4
What is the greatest common divisor of 2551080 and 1380?
60
What is the highest common divisor of 965658 and 1816?
454
What is the highest common factor of 3378012 and 3498?
66
What is the highest common divisor of 465 and 2991705?
15
Calculate the greatest common divisor of 450575 and 557842.
67
Calculate the greatest common divisor of 2894 and 72571391.
1447
Calculate the greatest common divisor of 12827 and 6592189.
127
What is the greatest common factor of 2295068 and 612?
68
What is the greatest common divisor of 70 and 14566610?
10
What is the greatest common factor of 125364 and 19878?
6
What is the highest common divisor of 2207555 and 420?
35
Calculate the highest common factor of 170127 and 5211.
27
Calculate the highest common divisor of 39654022 and 1730.
346
What is the greatest common factor of 923 and 75504169?
923
What is the greatest common divisor of 15475 and 20695?
5
Calculate the greatest common divisor of 1100 and 2178275.
275
What is the greatest common divisor of 1101 and 30612204?
1101
What is the highest common divisor of 4224 and 8894208?
384
What is the highest common divisor of 3618736 and 1089704?
2552
Calculate the highest common factor of 53662584 and 48.
24
What is the greatest common divisor of 53091 and 2592090?
3123
Calculate the greatest common divisor of 2489 and 1040009.
131
What is the greatest common divisor of 116378925 and 175?
25
Calculate the greatest common factor of 35332 and 9506060.
292
Calculate the greatest common divisor of 5475510 and 76194.
1494
Calculate the greatest common factor of 132 and 528798.
6
What is the highest common divisor of 264418 and 13837?
101
Calculate the highest common divisor of 33864 and 346341.
51
What is the greatest common divisor of 156378 and 1608?
402
Calculate the highest common factor of 89364 and 20592.
132
Calculate the highest common divisor of 790 and 299015.
395
Calculate the greatest common divisor of 267175425 and 80520.
10065
What is the greatest common divisor of 240 and 6446895?
15
What is the highest common factor of 8015976 and 9558?
3186
What is the greatest common divisor of 81 and 41384601?
81
Calculate the greatest common factor of 48027 and 69279.
21
Calculate the highest common divisor of 2017 and 12067.
1
Calculate the greatest common factor of 30974265 and 27.
27
Calculate the highest common divisor of 222 and 49218584.
74
What is the greatest common divisor of 234097 and 1227601?
131
Calculate the greatest common divisor of 5800 and 485076040.
1160
Calculate the greatest common divisor of 992649 and 462.
21
Calculate the greatest common factor of 12 and 4407918.
6
Calculate the greatest common divisor of 833249170 and 1885.
1885
Calculate the highest common divisor of 2956 and 121168.
4
What is the greatest common factor of 11500775 and 20735?
715
Calculate the greatest common factor of 25611156 and 90.
18
Calculate the highest common divisor of 10932 and 1122450388.
3644
What is the highest common divisor of 573876 and 244?
4
Calculate the greatest common divisor of 12390 and 8189200.
590
What is the highest common divisor of 4 and 7464859?
1
Calculate the greatest common factor of 1077806 and 179588.
278
Calculate the greatest common factor of 35139170 and 8500.
170
What is the highest common divisor of 509 and 4713?
1
What is the highest common divisor of 2344447055 and 395?
395
What is the greatest common factor of 2222756 and 344?
172
Calculate the highest common factor of 190513 and 333925.
703
Calculate the highest common factor of 4630 and 549970.
10
What is the greatest common divisor of 85836385 and 215?
215
What is the highest common divisor of 112 and 24277400?
56
Calculate the highest common divisor of 291 and 205127743.
97
Calculate the greatest common factor of 355552 and 16236.
164
What is the highest common factor of 115192 and 739816?
616
What is the highest common factor of 13390740 and 275?
55
What is the greatest common divisor of 15 and 8812761555?
15
Calculate the greatest common divisor of 586656 and 41516.
388
Calculate the greatest common divisor of 14170176 and 4599.
657
What is the greatest common factor of 73 and 261723031?
73
What is the highest common factor of 138148873 and 1405?
281
Calculate the highest common divisor of 394 and 20675544.
394
What is the greatest common divisor of 1972 and 167621972?
1972
Calculate the highest common factor of 46144387 and 3351.
1117
Calculate the greatest common divisor of 178000 and 1385552.
1424
What is the highest common divisor of 10207312 and 1607336?
4856
Calculate the greatest common factor of 19502 and 1029784.
98
Calc